inder when 45847 is divided by 5727.
31
What is the remainder when 98 is divided by 15?
8
Calculate the remainder when 5147 is divided by 3434.
1713
Calculate the remainder when 7627 is divided by 95.
27
What is the remainder when 1410 is divided by 346?
26
Calculate the remainder when 3775 is divided by 1790.
195
Calculate the remainder when 3258 is divided by 17.
11
What is the remainder when 25586 is divided by 502?
486
Calculate the remainder when 3305 is divided by 756.
281
What is the remainder when 133955 is divided by 14877?
62
What is the remainder when 55940 is divided by 87?
86
What is the remainder when 6435 is divided by 6423?
12
What is the remainder when 20120 is divided by 242?
34
Calculate the remainder when 88980 is divided by 88.
12
Calculate the remainder when 79109 is divided by 113.
9
Calculate the remainder when 638 is divided by 19.
11
Calculate the remainder when 228559 is divided by 36.
31
Calculate the remainder when 1926 is divided by 400.
326
What is the remainder when 377382 is divided by 15?
12
What is the remainder when 53904 is divided by 534?
504
What is the remainder when 4283 is divided by 460?
143
What is the remainder when 839510 is divided by 177?
176
Calculate the remainder when 25173 is divided by 265.
263
Calculate the remainder when 130016 is divided by 303.
29
What is the remainder when 631338 is divided by 603?
600
What is the remainder when 246198 is divided by 20?
18
Calculate the remainder when 4075781 is divided by 391.
388
Calculate the remainder when 3936 is divided by 155.
61
What is the remainder when 33861 is divided by 184?
5
What is the remainder when 479135 is divided by 276?
275
What is the remainder when 48914 is divided by 10?
4
Calculate the remainder when 5186 is divided by 350.
286
What is the remainder when 512935 is divided by 661?
660
Calculate the remainder when 10537 is divided by 11.
10
Calculate the remainder when 4540685 is divided by 9.
5
Calculate the remainder when 49636 is divided by 6200.
36
Calculate the remainder when 85943 is divided by 18.
11
Calculate the remainder when 5387 is divided by 579.
176
What is the remainder when 108339 is divided by 427?
308
What is the remainder when 63632 is divided by 63601?
31
What is the remainder when 1966 is divided by 16?
14
Calculate the remainder when 5288 is divided by 1749.
41
What is the remainder when 7607 is divided by 14?
5
What is the remainder when 42033 is divided by 520?
433
What is the remainder when 105952 is divided by 50?
2
Calculate the remainder when 680 is divided by 26.
4
What is the remainder when 147667 is divided by 10?
7
Calculate the remainder when 58271 is divided by 58271.
0
What is the remainder when 62054 is divided by 1938?
38
What is the remainder when 141133 is divided by 39?
31
What is the remainder when 5950 is divided by 10?
0
Calculate the remainder when 64192 is divided by 246.
232
What is the remainder when 897 is divided by 291?
24
What is the remainder when 19920 is divided by 224?
208
What is the remainder when 5710 is divided by 1883?
61
Calculate the remainder when 5604 is divided by 7.
4
Calculate the remainder when 46570 is divided by 7761.
4
Calculate the remainder when 2098087 is divided by 701.
695
Calculate the remainder when 2465 is divided by 999.
467
What is the remainder when 654266 is divided by 654257?
9
Calculate the remainder when 31463 is divided by 414.
413
What is the remainder when 319799 is divided by 6?
5
What is the remainder when 1803 is divided by 862?
79
Calculate the remainder when 28239 is divided by 27637.
602
Calculate the remainder when 1077658 is divided by 112.
106
What is the remainder when 5095 is divided by 91?
90
What is the remainder when 8111 is divided by 3989?
133
Calculate the remainder when 4419 is divided by 126.
9
Calculate the remainder when 819 is divided by 586.
233
Calculate the remainder when 10049 is divided by 50.
49
What is the remainder when 43769 is divided by 148?
109
Calculate the remainder when 94325 is divided by 104.
101
Calculate the remainder when 3771 is divided by 1768.
235
What is the remainder when 49943 is divided by 251?
245
Calculate the remainder when 2707 is divided by 902.
1
Calculate the remainder when 7658 is divided by 284.
274
Calculate the remainder when 478295 is divided by 117.
116
Calculate the remainder when 44709 is divided by 2.
1
Calculate the remainder when 13940 is divided by 19.
13
Calculate the remainder when 43437 is divided by 965.
12
Calculate the remainder when 6624 is divided by 1647.
36
What is the remainder when 6779 is divided by 4?
3
Calculate the remainder when 415886 is divided by 1677.
1667
Calculate the remainder when 1562079 is divided by 834.
831
What is the remainder when 13548 is divided by 13512?
36
Calculate the remainder when 44830 is divided by 2160.
1630
Calculate the remainder when 332805 is divided by 102.
81
What is the remainder when 256963 is divided by 130?
83
What is the remainder when 12037 is divided by 4?
1
Calculate the remainder when 3128 is divided by 120.
8
Calculate the remainder when 6295 is divided by 1257.
10
What is the remainder when 853902 is divided by 29?
26
What is the remainder when 126579 is divided by 43?
30
Calculate the remainder when 47937 is divided by 11959.
101
What is the remainder when 2442798 is divided by 73?
72
Calculate the remainder when 344162 is divided by 57.
53
Calculate the remainder when 10867 is divided by 3609.
40
Calculate the remainder when 485 is divided by 4.
1
Calculate the remainder when 197931 is divided by 14.
13
Calculate the remainder when 5672 is divided by 79.
63
What is the remainder when 21131 is divided by 1006?
5
Calculate the remainder when 23696 is divided by 11845.
6
Calculate the remainder when 35144 is divided by 348.
344
Calculate the remainder when 2090 is divided by 28.
18
What is the remainder when 47554 is divided by 145?
139
Calculate the remainder when 30239 is divided by 96.
95
Calculate the remainder when 11184 is divided by 1132.
996
What is the remainder when 12239 is divided by 3983?
290
Calculate the remainder when 199359 is divided by 890.
889
What is the remainder when 10465 is divided by 34?
27
Calculate the remainder when 4554 is divided by 2253.
48
Calculate the remainder when 4015 is divided by 211.
6
What is the remainder when 3465345 is divided by 12?
9
What is the remainder when 2237 is divided by 428?
97
What is the remainder when 57994 is divided by 85?
24
Calculate the remainder when 657807 is divided by 2171.
2165
What is the remainder when 3095 is divided by 149?
115
Calculate the remainder when 2234 is divided by 451.
430
Calculate the remainder when 12479 is divided by 3105.
59
What is the remainder when 905424 is divided by 333?
330
What is the remainder when 2283531 is divided by 1881?
1878
What is the remainder when 2937 is divided by 30?
27
Calculate the remainder when 8102 is divided by 4037.
28
What is the remainder when 1856 is divided by 128?
64
Calculate the remainder when 17108 is divided by 81.
17
What is the remainder when 31668 is divided by 99?
87
What is the remainder when 1034 is divided by 94?
0
What is the remainder when 15926 is divided by 797?
783
What is the remainder when 72749 is divided by 101?
29
What is the remainder when 621 is divided by 350?
271
Calculate the remainder when 32529 is divided by 493.
484
Calculate the remainder when 6258 is divided by 327.
45
What is the remainder when 962 is divided by 169?
117
What is the remainder when 32239 is divided by 28?
11
Calculate the remainder when 751722 is divided by 24.
18
What is the remainder when 211647 is divided by 51?
48
What is the remainder when 2332 is divided by 103?
66
Calculate the remainder when 2337 is divided by 701.
234
What is the remainder when 88532 is divided by 22113?
80
What is the remainder when 767661 is divided by 36?
33
What is the remainder when 44980 is divided by 19?
7
Calculate the remainder when 31068 is divided by 10341.
45
Calculate the remainder when 2657 is divided by 2127.
530
What is the remainder when 95044 is divided by 1638?
40
Calculate the remainder when 29122 is divided by 95.
52
What is the remainder when 21292 is divided by 1611?
349
Calculate the remainder wh